c - v. Calculate the greatest common factor of 205 and c.
41
Let d(o) = 3*o + 62. Let a be d(5). What is the greatest common factor of a and 7?
7
Suppose -4*x = 3*m - 23 - 1, -2*x + 14 = 2*m. Let z be x - 1/(4/(-20)). Calculate the highest common factor of z and 24.
8
Let f(k) = 10*k + 40 - k + k**2 - 3*k + 7*k. Let j be f(-12). Calculate the highest common factor of j and 70.
14
Let z = 348 - 328. Let y be ((-40)/(-2))/((-2)/(-22)). What is the greatest common factor of y and z?
20
Let r(w) = -w**3 + 6*w**2 - w - 2. Let a be r(5). Let v(l) = l**2 - 31*l + 54. Let j be v(31). What is the highest common factor of a and j?
18
Let l = 39 + -37. Suppose -3*u = 2*x - 32, l*x = -2*x - 4*u + 56. What is the greatest common divisor of x and 50?
10
Suppose -v + 53 - 35 = 0. What is the greatest common divisor of 36 and v?
18
Let q = 17 - 17. Suppose q = 8*l - 13 - 43. What is the greatest common factor of 56 and l?
7
Suppose 5*l - 30 = -2*h, -l + 5*l = 4*h - 4. Suppose 129 = 60*b - 17*b. What is the highest common divisor of l and b?
1
Suppose -5*f - 329 = 5*n - n, 0 = 5*n + 5*f + 405. Let v be (285/n)/(6/(-8)). What is the greatest common factor of v and 5?
5
Suppose -40*m + m + 858 = 0. Calculate the highest common factor of m and 902.
22
Let m(c) = -c**2 - 18*c - 13. Let f be m(-17). What is the greatest common divisor of 3 and f?
1
Suppose x - 122 = -5*q + 2*x, 4*x - 64 = -3*q. Suppose -567*h = -673*h + 6360. What is the highest common factor of h and q?
12
Let r(m) = -29*m - 16. Let g be r(-2). Calculate the greatest common factor of g and 21.
21
Let i be (24/14 - 0)*(-21)/(-3). Let m(u) = -u + 5. Let g be (-43)/6 - (-4)/24. Let y be m(g). Calculate the greatest common divisor of y and i.
12
Let h be ((-15)/(-9))/(3 - (-16)/(-6)). Calculate the highest common factor of 125 and h.
5
Suppose 5*y - 5*k = 0, k - 2*k + 3 = 0. Let w be ((-3)/y)/(2/(-42)). Let l(v) = 47*v**2 + 1. Let n be l(-2). What is the greatest common factor of n and w?
21
Suppose -3*c + 5*z + 52 = 0, 4*c - 8*c + z + 92 = 0. Let a(q) = 2*q**2 - 5*q - 15. Let i be a(-2). Calculate the greatest common factor of c and i.
3
Suppose -160*k = -135*k - 19500. Calculate the highest common divisor of k and 26.
26
Suppose 54 = 3*u - 2*y, 2*u + y = -4*y + 55. Suppose 5*q + u = 9*q. What is the greatest common divisor of q and 40?
5
Let p(a) = 4*a**2 - 2*a - 4*a + 8*a + 3. Let k be p(-3). Suppose 4*h - k - 11 = 0. What is the greatest common factor of 55 and h?
11
Let h(t) = -8*t + 493. Let x be h(11). Calculate the greatest common divisor of 5 and x.
5
Suppose -45*r + 51*r - 216 = 0. Suppose 35*z + 7 = r*z. Calculate the greatest common factor of z and 7.
7
Let l be 3/(-24) - 5/((-120)/2619). What is the greatest common factor of 1 and l?
1
Let p(h) = -h + 1. Let i be p(-4). Suppose 2*w + 810 = i*w. Let m be w/(-4)*16/(-10). Calculate the highest common factor of m and 12.
12
Let u = -93 + 104. Suppose -33 = -2*b - 2*m + u, 3*m + 6 = 0. What is the highest common divisor of b and 6?
6
Let m(o) = -o + 5. Let d be m(3). Let y be (5/d)/5*4. Suppose y*f = -f + 255. Calculate the highest common divisor of 34 and f.
17
Suppose -q = q + 3*g - 12, 5*q = 4*g + 30. Suppose 31 = m - 0*m. Suppose 11 + m = x. What is the highest common divisor of x and q?
6
Let x be ((-3)/(-2))/((-7)/(-98)). Suppose 0 = 31*k - 23*k - 56. Calculate the greatest common factor of x and k.
7
Suppose -4*s - 90 = -j - j, 3*s = 4*j - 70. Let w = 34 + s. Let t = w - 10. Calculate the highest common divisor of 8 and t.
2
Let b be (-627)/(-12) - 2/8. Suppose 0 = -q + 9 + 3. Suppose -q*z = -16*z + 312. Calculate the highest common divisor of b and z.
26
Let g be 137/9 + 12/(-54). Let k = -19 + 13. Let a = k - -9. What is the highest common factor of g and a?
3
Let d(l) = -133*l + 743. Let w be d(5). Calculate the highest common factor of w and 102.
6
Let z(y) = -19*y**3 + 2*y**2 - 1. Suppose -3*t = -6*t - 21. Let a = t - -6. Let k be z(a). Calculate the highest common divisor of k and 50.
10
Let a be (2 - 2) + -24 + 80. Calculate the highest common divisor of 24 and a.
8
Let z(d) = 2*d**3 - d**2 - d. Let s be z(-1). Let r be (-3)/(-6)*s*-6. Let h = 12 - r. Calculate the highest common factor of 66 and h.
6
Let z = -126 - -135. What is the greatest common factor of z and 243?
9
Suppose -21*f + 41 = -43. Suppose -3*n - 6 = 6. Let b be (-33)/n - f/16. What is the highest common factor of b and 56?
8
Suppose 0 = 6*h - 65 - 61. Suppose h + 6 = 3*o. Calculate the highest common factor of o and 3.
3
Let n be (0 - 6/7)*-84. What is the greatest common divisor of 27 and n?
9
Suppose -9 = -3*j - 0, 4*t - j - 1005 = 0. Calculate the greatest common factor of 28 and t.
28
Let u = 3055 + -3028. What is the greatest common divisor of 342 and u?
9
Let d(i) = i**2 + 11*i - 66. Let p be d(-17). What is the greatest common factor of p and 1548?
36
Let t = -59 + 94. Let j be (-10)/(-4)*42/t. Let c be j*5/(-30)*-58. What is the highest common factor of c and 319?
29
Let i(j) = -4*j**2 - 51*j + 19. Let r be i(-13). Calculate the greatest common divisor of r and 24.
6
Let b = -16 - -18. Suppose 0 = -0*c - 4*c - b*t + 58, -c = -2*t - 12. Calculate the greatest common factor of 70 and c.
14
Suppose -3*u + 27 + 45 = 0. What is the highest common factor of 78 and u?
6
Suppose -3*k + 95 = 5. Calculate the greatest common factor of 210 and k.
30
Let u be (704/(-6))/(2/(-6)). Suppose -8*m + 512 = -u. Calculate the highest common factor of 36 and m.
36
Suppose 4*h - 21 = 5*h. Let g be (56/h)/(2/(-21) + 0). What is the greatest common factor of g and 42?
14
Let g be -3*2/(-15)*5. Suppose -7*x + 55 = -g*x. Let f = -12 - -133. Calculate the greatest common divisor of f and x.
11
Let t = 2932 + -732. What is the highest common factor of 88 and t?
88
Let h = 1011 - 956. What is the greatest common factor of h and 121?
11
Suppose 6*u - 43 - 197 = 0. Calculate the highest common factor of u and 40.
40
Let m(i) = 69*i**2 - 26*i - 4. Let y be m(4). Calculate the greatest common divisor of y and 12.
12
Suppose 0 = -3*x + 15 - 0. Let i = x + 0. Calculate the highest common divisor of i and 40.
5
Let l(o) = -o**2 - 14*o - 20. Let n be l(-9). Let x = 704 - 429. What is the greatest common factor of n and x?
25
Let c(s) = s + 5. Let b be c(0). Let j = 0 + b. Let l be ((j - -4)/1)/1. Calculate the highest common factor of l and 3.
3
Let u(b) = 19*b**3 + b**2 - b. Let z be u(1). Suppose 4*f - 115 = -h, -2*h - 103*f + 175 = -106*f. What is the greatest common factor of h and z?
19
Let n be 41*(-1 + 1 + 2). Let t = -196 + 237. Calculate the highest common factor of t and n.
41
Suppose -29*c - 8 = -31*c. Suppose 86 - 30 = c*q. What is the greatest common divisor of q and 266?
14
Suppose 23 = t + 3*p - 0*p, 2*t + 5*p = 43. Let x be 52/t + 4/14. What is the greatest common factor of x and 12?
4
Suppose 3*w - 4*w = -69. Suppose -71*y = -w*y - 12. Calculate the greatest common factor of 12 and y.
6
Let v(t) = -25*t - 75. Let y be v(-9). Calculate the greatest common divisor of 6 and y.
6
Let r be 2*2349/42 - (-2)/14. Calculate the highest common divisor of r and 98.
14
Let s(n) = -90*n + 318. Let d be s(3). Calculate the highest common divisor of d and 30.
6
Suppose 5*b + 5*x - x = 1608, 5*b - 2*x - 1596 = 0. What is the greatest common divisor of 20 and b?
20
Let n = -138 - -238. Let i be 68/(-12)*(-12)/4. Let z be 2*(-1 + i + 4). What is the highest common factor of n and z?
20
Let f(s) = s**3 + 3*s**2 + s - 1. Suppose 7*p = 10 + 11. Let v be f(p). Suppose -5*j - 40 + 110 = 0. Calculate the greatest common divisor of v and j.
14
Let b(w) = w**3 - 5*w**2 - 21*w + 102. Let i be b(6). What is the highest common factor of i and 12?
12
Let d(i) = 2*i**2 - 7*i - 10. Let b be d(5). Suppose 0 = -b*m + c + c + 43, -2*c = 5*m - 47. What is the highest common factor of m and 81?
9
Let y be (-332)/(-12) - (-3)/9. Let b be 9*(y/(-12))/(-7). Let w(z) = 11*z - 5. Let h be w(b). What is the greatest common factor of h and 7?
7
Let y be 2/(-1*2) + 21. Let b be ((-5)/(-3))/((-3)/(-9)) + 95. What is the highest common factor of b and y?
20
Let l = 75 + -36. Let z = -22 + l. Let k = z - 16. What is the greatest common factor of k and 7?
1
Let o be (-5 - 2 - -1)/(-2). Suppose -o*c - 6 = -0*c. Let v 